 prime factors of 1846?
2, 13, 71
List the prime factors of 73499.
67, 1097
List the prime factors of 569.
569
List the prime factors of 7790.
2, 5, 19, 41
What are the prime factors of 92254?
2, 193, 239
List the prime factors of 55627.
11, 13, 389
List the prime factors of 611.
13, 47
What are the prime factors of 4507?
4507
List the prime factors of 4.
2
What are the prime factors of 27939?
3, 67, 139
What are the prime factors of 26244?
2, 3
List the prime factors of 1292.
2, 17, 19
List the prime factors of 2836.
2, 709
What are the prime factors of 22235?
5, 4447
List the prime factors of 2694.
2, 3, 449
What are the prime factors of 1182?
2, 3, 197
What are the prime factors of 20082?
2, 3, 3347
What are the prime factors of 29154?
2, 3, 43, 113
List the prime factors of 6633.
3, 11, 67
List the prime factors of 827.
827
List the prime factors of 9135.
3, 5, 7, 29
What are the prime factors of 4641?
3, 7, 13, 17
List the prime factors of 28387.
28387
What are the prime factors of 40?
2, 5
What are the prime factors of 77563?
77563
List the prime factors of 515.
5, 103
List the prime factors of 2810.
2, 5, 281
What are the prime factors of 4512?
2, 3, 47
List the prime factors of 1099.
7, 157
List the prime factors of 73.
73
What are the prime factors of 343?
7
What are the prime factors of 193?
193
What are the prime factors of 825?
3, 5, 11
List the prime factors of 5758.
2, 2879
What are the prime factors of 1969?
11, 179
What are the prime factors of 131014?
2, 13, 5039
List the prime factors of 7387.
83, 89
What are the prime factors of 40043?
23, 1741
What are the prime factors of 30728?
2, 23, 167
List the prime factors of 15382.
2, 7691
What are the prime factors of 13717?
11, 29, 43
What are the prime factors of 3431?
47, 73
What are the prime factors of 27304?
2, 3413
List the prime factors of 3582.
2, 3, 199
What are the prime factors of 2166?
2, 3, 19
List the prime factors of 23639.
7, 11, 307
What are the prime factors of 69256?
2, 11, 787
What are the prime factors of 8492?
2, 11, 193
What are the prime factors of 9228?
2, 3, 769
What are the prime factors of 407?
11, 37
List the prime factors of 1282.
2, 641
List the prime factors of 2.
2
What are the prime factors of 74337?
3, 71, 349
List the prime factors of 7973.
7, 17, 67
What are the prime factors of 393?
3, 131
What are the prime factors of 377?
13, 29
What are the prime factors of 3675?
3, 5, 7
What are the prime factors of 1133?
11, 103
List the prime factors of 81640.
2, 5, 13, 157
What are the prime factors of 1043?
7, 149
List the prime factors of 223.
223
List the prime factors of 8028.
2, 3, 223
What are the prime factors of 2085?
3, 5, 139
What are the prime factors of 43734?
2, 3, 37, 197
What are the prime factors of 579?
3, 193
What are the prime factors of 1398?
2, 3, 233
List the prime factors of 116660.
2, 5, 19, 307
What are the prime factors of 50307?
3, 41, 409
What are the prime factors of 339?
3, 113
What are the prime factors of 111846?
2, 3, 7, 2663
List the prime factors of 5689.
5689
List the prime factors of 1925.
5, 7, 11
What are the prime factors of 1881?
3, 11, 19
What are the prime factors of 21983?
13, 19, 89
What are the prime factors of 664?
2, 83
What are the prime factors of 19331?
13, 1487
List the prime factors of 1146.
2, 3, 191
List the prime factors of 13860.
2, 3, 5, 7, 11
What are the prime factors of 1404?
2, 3, 13
What are the prime factors of 7113?
3, 2371
What are the prime factors of 12310?
2, 5, 1231
List the prime factors of 10061.
10061
What are the prime factors of 1162?
2, 7, 83
List the prime factors of 558.
2, 3, 31
List the prime factors of 259.
7, 37
What are the prime factors of 33121?
11, 3011
List the prime factors of 138474.
2, 3, 7, 157
What are the prime factors of 3879?
3, 431
What are the prime factors of 17537?
13, 19, 71
What are the prime factors of 944?
2, 59
List the prime factors of 8885.
5, 1777
List the prime factors of 8171.
8171
What are the prime factors of 87831?
3, 3253
List the prime factors of 157165.
5, 17, 43
List the prime factors of 18366.
2, 3, 3061
List the prime factors of 10889.
10889
List the prime factors of 28635.
3, 5, 23, 83
List the prime factors of 42.
2, 3, 7
What are the prime factors of 9847?
43, 229
List the prime factors of 7667.
11, 17, 41
List the prime factors of 687.
3, 229
What are the prime factors of 678?
2, 3, 113
List the prime factors of 3887.
13, 23
List the prime factors of 5576.
2, 17, 41
What are the prime factors of 13318?
2, 6659
List the prime factors of 2226.
2, 3, 7, 53
List the prime factors of 53380.
2, 5, 17, 157
List the prime factors of 44405.
5, 83, 107
List the prime factors of 28044.
2, 3, 19, 41
List the prime factors of 165.
3, 5, 11
What are the prime factors of 6227?
13, 479
List the prime factors of 27053.
13, 2081
List the prime factors of 65510.
2, 5, 6551
What are the prime factors of 33603?
3, 23, 487
List the prime factors of 1134.
2, 3, 7
List the prime factors of 31298.
2, 15649
What are the prime factors of 10455?
3, 5, 17, 41
List the prime factors of 5248.
2, 41
List the prime factors of 6992.
2, 19, 23
List the prime factors of 117660.
2, 3, 5, 37, 53
List the prime factors of 8637.
3, 2879
What are the prime factors of 9371?
9371
What are the prime factors of 69298?
2, 34649
What are the prime factors of 79175?
5, 3167
List the prime factors of 8190.
2, 3, 5, 7, 13
What are the prime factors of 44175?
3, 5, 19, 31
What are the prime factors of 26749?
23, 1163
List the prime factors of 5322.
2, 3, 887
List the prime factors of 38334.
2, 3, 6389
What are the prime factors of 1624?
2, 7, 29
List the prime factors of 552.
2, 3, 23
What are the prime factors of 547?
547
List the prime factors of 1729.
7, 13, 19
What are the prime factors of 736?
2, 23
List the prime factors of 1328.
2, 83
List the prime factors of 2598.
2, 3, 433
List the prime factors of 39839.
39839
List the prime factors of 1284.
2, 3, 107
List the prime factors of 135537.
3, 45179
List the prime factors of 7011.
3, 19, 41
What are the prime factors of 62381?
11, 53, 107
What are the prime factors of 4129?
4129
List the prime factors of 55338.
2, 3, 23, 401
List the prime factors of 14978.
2, 7489
List the prime factors of 142.
2, 71
What are the prime factors of 20445?
3, 5, 29, 47
What are the prime factors of 106632?
2, 3, 1481
What are the prime factors of 273?
3, 7, 13
List the prime factors of 41202.
2, 3, 7, 109
List the prime factors of 2096.
2, 131
What are the prime factors of 5861?
5861
List the prime factors of 11895.
3, 5, 13, 61
List the prime factors of 11853.
3, 439
List the prime factors of 12694.
2, 11, 577
List the prime factors of 965.
5, 193
What are the prime factors of 5566?
2, 11, 23
List the prime factors of 9161.
9161
What are the prime factors of 42606?
2, 3, 263
List the prime factors of 3567.
3, 29, 41
What are the prime factors of 3632?
2, 227
What are the prime factors of 52946?
2, 23, 1151
What are the prime factors of 110633?
317, 349
List the prime factors of 925.
5, 37
What are the prime factors of 6913?
31, 223
What are the prime factors of 6635?
5, 1327
What are the prime factors of 923?
13, 71
What are the prime factors of 106131?
3, 17, 2081
What are the prime factors of 656?
2, 41
List the prime factors of 22821.
3, 7607
List the prime factors of 6129.
3, 227
What are the prime factors of 6751?
43, 157
List the prime factors of 103.
103
What are the prime factors of 4424?
2, 7, 79
List the prime factors of 16215.
3, 5, 23, 47
What are the prime factors of 13854?
2, 3, 2309
List the prime factors of 2304.
2, 3
What are the prime factors of 9429?
3, 7, 449
List the prime factors of 17828.
2, 4457
What are the prime factors of 3777?
3, 1259
What are the prime factors of 11908?
2, 13, 229
List the prime factors of 715.
5, 11, 13
List the prime factors of 148.
2, 37
List the prime factors of 67134.
2, 3, 67, 167
List the prime factors of 12399.
3, 4133
What are the prime factors of 1207?
17, 71
List the prime factors of 11574.
2, 3, 643
List the prime factors of 491.
491
What are the prime factors of 54259?
29, 1871
What are the prime factors of 29766?
2, 3, 11, 41
List the prime factors of 46080.
2, 3, 5
List the prime f